What is the value of -16 + (-30 - (0 - 22) - -56)?
32
Calculate -130 + (74 - (-33 + -54)).
31
Evaluate -5 - 27 - (5 - -5) - (5 + -10).
-37
What is -3 + -2 - (-43 - (15 + -4))?
49
9 + (-2 + 17 - (2 + 61 + -52)) + 113
126
What is the value of 4 + -2 - 2 - (44 + 62 - 125)?
19
Calculate (258 - 328) + 1 + -6 + 2.
-73
What is -7 + 50 + -52 + -13 + (3 - 0)?
-19
What is -4 + 19 - (17 - (30 + (-8 - 29)))?
-9
Evaluate 65 - 66 - (0 - (4 - -2 - (31 + -5))).
-21
What is (-150 - -153 - (2 - 12)) + 37?
50
Evaluate 3 + 18 + (-50 - (-10 + 21)).
-40
What is the value of -3 + -8 - (30 - (19 - 25 - -31))?
-16
What is the value of -154 + 209 - (-1 + 32)?
24
What is the value of 25 + -67 + 46 - (17 + 0)?
-13
Evaluate (-47 - 5) + -3 + (15 - (14 + -4)).
-50
Evaluate (55 + -55 - (5 + 1)) + -72 - (77 - 74).
-81
Calculate -3 - (3 + -7 - -16) - (-947 + 926).
6
Calculate 23 + (-9 - (-16 - (-6 + 9)) - 17).
16
Calculate -50 + 34 - (8 + -3 + -6 + -12).
-3
Evaluate -59 - (-136 - (-37 - 8)).
32
Evaluate 45 - (1 - (1 - 2) - ((-13 - -21) + -1)).
50
Evaluate -2 - 105 - (224 - 242).
-89
What is (10 - (-26 - -192)) + 22 + 26 + 0?
-108
What is -97 + (-22 + -3 - -46) + -33?
-109
Calculate 359 + -403 - (0 + -1 + 2 - (25 - 29)).
-49
92 - (2 + -24 + 61 + 2)
51
Evaluate -186 + 172 - (-1 + 13 + 5).
-31
(1 - 24) + (19 - (21 - -62))
-87
(-106 - -55 - -77) + (-23 - -1)
4
What is the value of (2 - 4) + 38 + 4 + 5?
45
32 + -1 - (42 + (9 - 24) - 24)
28
Evaluate 86 - (65 - (-167 - -86)).
-60
Calculate -1 + 0 + (-3285 - -3272) + 45.
31
What is 1 + -1 + 0 + (-205 - -190) + 11 + -128?
-132
Evaluate -3 + 3 + (-8 + 43 + 4 - -6) + -4.
41
What is the value of -26 - -4 - (-23 - (33 - 55))?
-21
Evaluate 70 + (0 - -7 - 13) + -68 + 75.
71
Evaluate -1 + (8 - 9 - (11 - 10)) + 74.
71
Evaluate 3 - 10 - (-53 - -12 - 59).
93
Evaluate -8 - (17 + (-2 - (-11 + 1) - -3) + 2).
-38
What is the value of 73 - 0 - (-3946 - -3935) - (-9 + 0)?
93
6 + -1 + -9 + (-35 - (11 - 22))
-28
Evaluate 201 - 10 - 129 - -57.
119
Calculate 167 - 86 - (60 - 13).
34
What is (-9 - -17 - -4) + 0 + -1 + -72?
-61
Evaluate 4 + 1 - -9 - (-67 - (-115 + 50)).
16
Calculate (-384 - -381) + (-3 - -10) + -3 + (2 - 15).
-12
Calculate (3 - -4) + 131 - (-697 + 735).
100
What is (-84 + 22 - -96) + -106?
-72
(-48 - (39 + -70)) + -1
-18
What is the value of -19 + 57 - 3 - 48?
-13
55 + (40 - (36 - -31))
28
-60 + (-75 - -201) + -101
-35
Calculate (-1 - 3) + (2 - 1) - (1505 - 1503).
-5
Evaluate -58 - (-89 + (-37 - -14)).
54
Evaluate (14 - (0 + -5) - 5) + -9 + -7 - -63.
61
What is the value of -11 + (7 - (-44 - 3)) + -21?
22
Evaluate 70 + -17 + -100 + 4.
-43
What is the value of (-51 - (39 + -113)) + -15?
8
Evaluate 730 - 774 - (0 + -47) - 60.
-57
2129 + -2251 + 80 + 1
-41
What is (4 - 29) + -886 + 900?
-11
Calculate (-1 + -6 - (-7 - -7)) + 49 + (0 - 58).
-16
Calculate (15 - 7) + -13 + (8 - 15) + 5 + 47.
40
-2 + -60 - (0 + -18 - (-126 - -108))
-62
What is the value of 2 - (19 + (-38 - -100 - -20))?
-99
What is 10 + -24 + 16 + (-56 - -22)?
-32
Calculate 1 + -8 + (-1 - -1) + 69 + (-1 - 2).
59
Evaluate 124 - (171 - (45 + 76)).
74
Evaluate 326 + -350 + (3 - -1 - 22).
-42
What is (1 + -31 - -4 - 4) + (-41 - -2) + 35?
-34
Evaluate 0 + -17 - (-1547 - -1529).
1
Evaluate (9 - (-5 + 1)) + 17 + 36 - -15.
81
What is the value of -11 + -1 + -152 + 155 + (3 - 60 - 4)?
-70
-2 - 1 - (-52 - 1 - (0 + -113))
-63
What is 15 + 13 + -7 + 2 + -11 + -43?
-31
What is (-36 - (3 - 17)) + 45 + 27?
50
(-12 - (-5 + (0 + -1 - -12))) + 3
-15
(39 - (13 + -6) - 38) + -51
-57
What is -25 + 31 + -24 + -9 - 48?
-75
What is (28 - 15) + 6 + -21 + 0 - (-1 + -76)?
75
-2 + 3 - ((-5 - -13) + -13 - (2 + -7))
1
What is 490 + -396 + -1 + -17 + -3?
73
What is the value of 152 + (-7 - 93) + -46?
6
Evaluate 74 - 9 - (9 + 10 + 1) - (-10 - -1).
54
What is the value of 151 - 100 - (70 + -15)?
-4
What is the value of -72 + (49 - -2 - -21)?
0
Calculate -8 + (-5 - -65) + -18 + 18.
52
0 + (9 - 3 - (26 - (-31 + 43)))
-8
Evaluate 6 + 2 + 5 + -3 + -15 - (-72 - -15).
52
What is 6 - (-28 - -20 - 14 - -43)?
-15
Evaluate 59 - 0 - ((61 - (27 + -8)) + -29).
46
Evaluate -5 - (23 + (18 - 45) + (-6 + 2 - -1)).
2
Calculate 0 - (112 + -90 + (-10 - 2)).
-10
Evaluate -4 + -25 - (-59 + 32 + 39 - (1 - -20)).
-20
What is the value of 3 + -57 + 39 + -10?
-25
Evaluate (-1 - -4) + (-103 - -150 - (17 - 28)).
61
1 + -75 - ((48 - (60 + -34) - 26) + -1)
-69
Calculate 27 + 8 + (-11 + -3 + 9 - 7).
23
Evaluate (-8 - (-16 - -13)) + 20 + -32 - -2.
-15
-8 + -21 + 1 + (-4 - -23)
-9
What is the value of -24 - 89 - -4 - (-5 + -6)?
-98
What is (2 - (-8 - (-2 - 1 - -3))) + (3200 - 3202)?
8
Calculate (47 - 7) + -14 - (78 + -50).
-2
-75 + -1 + 107 + -8
23
What is (-2 + 56 - -4) + (84 - (-48 - -127))?
63
(6 + -1 - 1 - (-91 + -105 + 220)) + 11
-9
Calculate -31 + 15 + -24 + (1 - (-13 + 8)).
-34
6 - (0 + -2) - (0 + 23 + -676 + 654)
7
What is (-2 - 67) + -2 + (39 - (20 - 17)) + -48?
-83
Evaluate -93 + 88 + 4 + (-19 - (3 - 2)).
-21
What is the value of 0 + 47 - ((-16 - -142) + -120)?
41
What is (-54 - -47) + ((0 - -2) + 53 - (4 + -2))?
46
Evaluate (1 - 3 - 4 - (862 - 869)) + -2 + 1.
0
What is 0 + -58 + -17 + 51?
-24
What is (4 - -42) + -189 + 145 + (135 - 1)?
136
Evaluate (-8 + 15 - 9) + 20 + -2 + -4.
12
What is -5 + -48 + 109 + -122 + 1 + 12?
-53
What is -110 + 147 - (8 + 60)?
-31
Calculate -13 + (-36 - 43 - (2 + -3)).
-91
What is the value of -117 + -24 + 32 + -4 + 26?
-87
What is (-23 - -49) + 157 + -193?
-10
What is the value of 33 + -19 + -36 + 10 + -3 - -154?
139
Evaluate 77 + 16 + -230 - -72.
-65
Evaluate -24 - 53 - -10 - (2 + -16).
-53
46 + -29 - (70 - 32)
-21
Evaluate 79 - (20 + (-15 - -120)).
-46
Evaluate 104 + (6 - 118) - (-1 + 1 - 0 - -19).
-27
What is the value of (7 - -12) + -11 - (1 + 5) - -21?
23
Calculate 632 + -663 + 1 + -14 + -2.
-46
-18 + 26 + (10 - 36 - -21)
3
Calculate -8 + (-15 + 11 + -6 - -32) + -35.
-21
Calculate -1 + 20 + (220 - 128) - (9 + -7 - 3).
112
What is (17 + -48 - -56) + -18 + -1?
6
What is the value of 286 + -236 + -2 + -31?
17
(-6 - 5) + (3 - -11) + 0 - 10
-7
-2 + (0 - -2) - (-250 + 405 + -200)
45
What is the value of (31 - 45) + 2 + 8 + 3 - (3 + 3)?
-7
Calculate -11 + (1 - (2 + -1 + 34)).
-45
48 + -60 - (0 + -10 - (-26 - (-41 - -12)))
1
Evaluate (7326 + -7395 - (-2 - (1 - 2))) + (1 - 10).
-77
Evaluate (-3 - (21 + (4 - -1) + -20 + 15)) + 8.
-16
What is (4 - (-3 + -7)) + (8 - 24)?
-2
Calculate -29 - (-4 - 51) - 62.
-36
What is the value of (8 - 12) + 7 + 2 - 92 - (140 - 125)?
-102
Calculate -10 + -24 + 7 + -25 + 32 - 41.
-61
What is (-1 - -4 - 27) + (10 - (-14 + 49)) + 16?
-33
Calculate -103 + (-1 + -1 + (2 - -3) - (118 + -124)).
-94
Calculate -3 - (-12 + (-2 - -7) + -51 + 62) - -27.
20
What is 96 + 16 + (-147 - -93)?
58
48 - (-21 - -89) - (-4 - 51)
35
-67 - (5 + 2) - (1 + -15 - (462 + -465))
-63
What is the value of 0 + 1 + -13 - (1896 + -1913)?
5
Calculate (24 - -4) + -63 + 22.
-13
Evaluate -74 - (-12 + -64 + 56).
-54
What is 13 + 0 + (71 - (-11 + -17 - -16))?
96
What is 41 + -7 + 1 + (-2 + -6 - -17)?
44
Calculate 16 - 6 - -40 - (18 + -2).
34
(59 - 54 - -213) + -104
114
Evaluate 83 - ((-19 - 1) + 10 + 0) - (-4 + 1).
96
What is the value of -13 + (3 + 5 + 13 + -10 - -1)?
-1
What is the value of -13 + 14 + (53 - -58) + -30?
82
What is -62 + 121 + (-78 - -38)?
19
Evaluate (11 - 126) + 33 + -12.
-94
(26 - -28 - 41) + 42
55
What is the value of -2 - (1 - -33) - (220 + -219)?
-37
Calculate 2 + 69 - (544 + -499).
26
Calculate -1 + 9 + (7 - (-11 + 7 - 10)).
29
Evaluate (-65 - (-25 - -17)) + 11 + (1 - (6 + -2)).
-49
What is the value of 64 - -2 - (17 + (8 - -8) + -3 + -37)?
73
Calculate (36 - 0) + 40 + -28 - (-7 + -1 + -1).
57
Evaluate -126 - -187 - (7 - 2).
56
What is the value of 23 + -11 + (-36 - 14) + 23?
-15
Calculate (1030 - 1027 - (15 + 0)) + (1 - 3).
-14
Calculate 3 - (95 + (-15 - 42)).
-35
What is (78 + 4 - 20) + 33?
95
What is 12 - -86 - 161 - -5?
-58
Evaluate -25 - (47 + -44 + (-12 - (1 + -8))).
-23
Calculate (532 - 469) + (-58 - 0).
5
114 + (-21 + -18 - 22)
53
What is the value of 13 - (-27 - -32) - (18 - 5 - (0 + -2))?
-7
What is -109 - ((-29 + 48 - 85) + 29)?
-72
Evaluate (-16 - (0 + 4 + -11)) + -103 + 16.
-96
Calculate -46 - (-16 - (-6 + -5 + 12)).
-29
What is the value of 4 - 10 - (32 - (-12 + 1 + 10 + 3))?
-3